{"id":1645,"date":"2021-06-03T01:19:50","date_gmt":"2021-06-03T01:19:50","guid":{"rendered":"https:\/\/www.aitanacongress.com\/2021\/?page_id=1645"},"modified":"2021-06-07T18:21:39","modified_gmt":"2021-06-07T18:21:39","slug":"p_agustin-ernesto-martinez","status":"publish","type":"page","link":"https:\/\/www.aitanacongress.com\/2021\/p_agustin-ernesto-martinez\/","title":{"rendered":"P_Agust\u00edn Ernesto Mart\u00ednez"},"content":{"rendered":"<p>[et_pb_section fb_built=&#8221;1&#8243; fullwidth=&#8221;on&#8221; custom_padding_last_edited=&#8221;on|desktop&#8221; admin_label=&#8221;Cabecera &#8211; Titulo&#8221; module_class=&#8221;cabecera-seccion&#8221; _builder_version=&#8221;4.9.4&#8243; background_color=&#8221;#0094A9&#8243; height=&#8221;125px&#8221; custom_padding=&#8221;||||false|false&#8221; custom_padding_tablet=&#8221;||||false|false&#8221; custom_padding_phone=&#8221;||||false|false&#8221; custom_css_main_element_last_edited=&#8221;on|phone&#8221;][et_pb_fullwidth_header _builder_version=&#8221;4.9.4&#8243; title_level=&#8221;h4&#8243; title_font=&#8221;|800||on|||||&#8221; title_text_align=&#8221;center&#8221; title_text_color=&#8221;#053341&#8243; title_font_size=&#8221;48px&#8221; content_font=&#8221;|800|||||||&#8221; content_text_align=&#8221;center&#8221; content_text_color=&#8221;#FFFFFF&#8221; background_enable_color=&#8221;off&#8221; background_enable_image=&#8221;off&#8221; background_size=&#8221;contain&#8221; background_position=&#8221;center_left&#8221; custom_padding_tablet=&#8221;&#8221; custom_padding_phone=&#8221;10px||10px||false|false&#8221; custom_padding_last_edited=&#8221;on|phone&#8221; title_font_size_tablet=&#8221;&#8221; title_font_size_phone=&#8221;30px&#8221; title_font_size_last_edited=&#8221;on|phone&#8221;]<\/p>\n<h4>Agustin Ernesto Mart\u00ednez <strong>Agustin Ernesto Mart\u00ednez <\/strong><\/h4>\n<p>Universidad de Alicante. Espa\u00f1a<\/p>\n<p>[\/et_pb_fullwidth_header][\/et_pb_section][et_pb_section fb_built=&#8221;1&#8243; _builder_version=&#8221;4.9.4&#8243; _module_preset=&#8221;default&#8221;][et_pb_row column_structure=&#8221;2_5,3_5&#8243; _builder_version=&#8221;4.9.4&#8243; _module_preset=&#8221;default&#8221;][et_pb_column type=&#8221;2_5&#8243; _builder_version=&#8221;4.9.4&#8243; _module_preset=&#8221;default&#8221;][et_pb_text _builder_version=&#8221;4.9.4&#8243; _module_preset=&#8221;default&#8221; header_2_text_color=&#8221;#E46708&#8243;]<\/p>\n<h2 style=\"text-align: right;\">Perspectiva integral del autismo: Dolor, s\u00edntomas gastro-intestinales, gut-microbiota y probi\u00f3ticos<\/h2>\n<p>[\/et_pb_text][\/et_pb_column][et_pb_column type=&#8221;3_5&#8243; _builder_version=&#8221;4.9.4&#8243; _module_preset=&#8221;default&#8221;][et_pb_text _builder_version=&#8221;4.9.4&#8243; _module_preset=&#8221;default&#8221; text_orientation=&#8221;justified&#8221;]<\/p>\n<p>Los ni\u00f1os con trastornos del espectro autista (TEA) se caracterizan por el comportamiento repetitivo y las dificultades en la comunicaci\u00f3n social. Adem\u00e1s, la comorbilidad con discapacidad intelectual supone un inconveniente a\u00f1adido en la comunicaci\u00f3n social y la expresi\u00f3n de emociones y malestar f\u00edsico. Identificar el dolor es un factor relevante para poder implementar un tratamiento m\u00e9dico y educativo adecuado. Del mismo modo, los s\u00edntomas gastro-intestinales y los s\u00edntomas del autismo relacionados con la sensibilidad a ciertos alimentos, texturas, etc., son factores asociados. As\u00ed pues, existe una comorbilidad alta de s\u00edntomas gastro-intestinales (SG) en los ni\u00f1os con TEA. Sin embargo, se precisan instrumentos estandarizados que permitan evaluar el dolor, la sensibilidad y los SG en poblaci\u00f3n con autismo. En este sentido, el llamado eje Microbiota-intestino-cerebral sugiere que hay una disbiosis o alteraci\u00f3n de la gut-microbiota (GM) en el TEA, que puede desencadenar la aparici\u00f3n y el desarrollo de todos estos s\u00edntomas en el ni\u00f1o. Recientemente, un meta-an\u00e1lisis ha encontrado unos niveles de bajos de abundancia de la bacteria <em>bifidobacterium<\/em> en los ni\u00f1os con TEA. Esta bacteria est\u00e1 implicada en la regulaci\u00f3n de neurotransmisores como la dopamina, etc. que regulan el estado emocional. Los niveles de abundancia de dicha bacteria suelen ser mayores en los dos primeros a\u00f1os de vida del ni\u00f1o. Por ese motivo, esta disminuci\u00f3n en el <em>bifidobaterirum<\/em> aporta informaci\u00f3n sobre el neurodesarrollo y el funcionamiento del eje Microbiota-intestino-cerebral en el TEA. En los \u00faltimos a\u00f1os ha habido un aumento en el desarrollo industrial de probi\u00f3ticos para tratar los s\u00edntomas de diferentes trastornos mentales. Sin embargo, existen un n\u00famero escaso de estudios que analicen la eficacia de los probi\u00f3ticos en el TEA, estando la mayor\u00eda de los compuestos basados en la bacteria <em>lactobacillus<\/em>. La investigaci\u00f3n futura deber\u00eda considerar la eficacia de compuestos probi\u00f3ticos basados en el <em>bifidobacterium<\/em>. Se requiere realizar un ensayo cl\u00ednico para analizar los s\u00edntomas de dolor, SG, conductas repetitivas, niveles de ansiedad entre el grupo experimental y un grupo control, utilizando placebo, y diferentes tipos de probi\u00f3ticos.<\/p>\n<p>Palabras clave: TEA, dolor, gut-microbiota, s\u00edntomas gastro-intestinales, probi\u00f3ticos.<\/p>\n<p>[\/et_pb_text][\/et_pb_column][\/et_pb_row][et_pb_row column_structure=&#8221;3_4,1_4&#8243; _builder_version=&#8221;4.9.4&#8243; _module_preset=&#8221;default&#8221;][et_pb_column type=&#8221;3_4&#8243; _builder_version=&#8221;4.9.4&#8243; _module_preset=&#8221;default&#8221;][et_pb_text _builder_version=&#8221;4.9.4&#8243; _module_preset=&#8221;default&#8221; header_2_text_color=&#8221;#E46708&#8243; text_orientation=&#8221;right&#8221;]<\/p>\n<h2 style=\"text-align: right;\">CV<\/h2>\n<p style=\"text-align: right;\">El <em>Dr. Agust\u00edn Ernesto Mart\u00ednez-Gonz\u00e1lez<\/em> es profesor contratado doctor en el Departamento de Psicolog\u00eda Evolutiva y Did\u00e1ctica de la Universidad de Alicante. Ha realizado varios m\u00e1steres relacionados con la psicolog\u00eda cl\u00ednica y neuropsicolog\u00eda cl\u00ednica que le han facilitado poseer una perspectiva transversal y neuroeducativa del comportamiento humano. En el \u00e1mbito de la investigaci\u00f3n ha participado en m\u00e1s de 50 congresos nacionales e internacionales relacionados con la psicolog\u00eda educativa, neuropsicolog\u00eda y la psicolog\u00eda cl\u00ednica. Del mismo modo, ha escrito numerosos art\u00edculos indexados con JCR (Social Science Edition) as\u00ed como libros y cap\u00edtulos de libros. Su centro de inter\u00e9s en la investigaci\u00f3n gira en torno al espectro repetitivo en diversos trastornos mentales (TOC y TEA). En este \u00faltimo sentido, ha sido part\u00edcipe de la validaci\u00f3n de escalas para el TOC en adolescentes espa\u00f1oles y chilenos (OCI-R, OCI-CV, etc.) y de la RBS-R en poblaci\u00f3n espa\u00f1ola con TEA y discapacidad intelectual. Estos \u00faltimos estudios han propiciado el desarrollo de la app COREAT. COREAT es la primera app con evidencia cient\u00edfica para detectar el TEA y medir la severidad de la conducta repetitiva tanto en personas con TEA como en personas con discapacidad intelectual, siguiendo criterios DSM-5 (Mart\u00ednez- Gonz\u00e1lez, 2019). En el campo de estudio de la conducta repetitiva el Dr. Mart\u00ednez-Gonz\u00e1lez sostiene un punto de vista multidisciplinar e integrador con el objetivo de estudiar la relaci\u00f3n entre severidad de la conducta repetitiva y variables como el tipo de centro educativo, la conducta adaptativa, los s\u00edntomas emocionales negativos, las bases neuropsicol\u00f3gicas, neurofisiol\u00f3gicas, los s\u00edntomas gastrointestinales y la relaci\u00f3n cerebro-microbiota intestinal o gut microbiota. Finalmente, el profesor Mart\u00ednez-Gonz\u00e1lez es el director del <em>Grupo de Investigaci\u00f3n Integral en el Neurodesarrollo T\u00edpico y At\u00edpico<\/em> (GINTA) y editor de la <em>Revista Discapacidad, Cl\u00ednica y Neurociencias (RDCN)<\/em>.<\/p>\n<p>[\/et_pb_text][\/et_pb_column][et_pb_column type=&#8221;1_4&#8243; _builder_version=&#8221;4.9.4&#8243; _module_preset=&#8221;default&#8221;][et_pb_image src=&#8221;https:\/\/www.aitanacongress.com\/2021\/wp-content\/uploads\/foto-agustin-color-e1623089973151.jpg&#8221; title_text=&#8221;foto agustin color&#8221; _builder_version=&#8221;4.9.4&#8243; _module_preset=&#8221;default&#8221; hover_enabled=&#8221;0&#8243; border_radii=&#8221;on|15px|15px|15px|15px&#8221; sticky_enabled=&#8221;0&#8243;][\/et_pb_image][\/et_pb_column][\/et_pb_row][\/et_pb_section]<\/p>\n","protected":false},"excerpt":{"rendered":"<p>[et_pb_section fb_built=&#8221;1&#8243; fullwidth=&#8221;on&#8221; custom_padding_last_edited=&#8221;on|desktop&#8221; admin_label=&#8221;Cabecera &#8211; Titulo&#8221; module_class=&#8221;cabecera-seccion&#8221; _builder_version=&#8221;4.9.4&#8243; background_color=&#8221;#0094A9&#8243; height=&#8221;125px&#8221; custom_padding=&#8221;||||false|false&#8221; custom_padding_tablet=&#8221;||||false|false&#8221; custom_padding_phone=&#8221;||||false|false&#8221; custom_css_main_element_last_edited=&#8221;on|phone&#8221;][et_pb_fullwidth_header _builder_version=&#8221;4.9.4&#8243; title_level=&#8221;h4&#8243; title_font=&#8221;|800||on|||||&#8221; title_text_align=&#8221;center&#8221; title_text_color=&#8221;#053341&#8243; title_font_size=&#8221;48px&#8221; content_font=&#8221;|800|||||||&#8221; content_text_align=&#8221;center&#8221; content_text_color=&#8221;#FFFFFF&#8221; background_enable_color=&#8221;off&#8221; background_enable_image=&#8221;off&#8221; background_size=&#8221;contain&#8221; background_position=&#8221;center_left&#8221; custom_padding_tablet=&#8221;&#8221; custom_padding_phone=&#8221;10px||10px||false|false&#8221; custom_padding_last_edited=&#8221;on|phone&#8221; title_font_size_tablet=&#8221;&#8221; title_font_size_phone=&#8221;30px&#8221; title_font_size_last_edited=&#8221;on|phone&#8221;] Agustin Ernesto Mart\u00ednez Agustin Ernesto Mart\u00ednez Universidad de Alicante. Espa\u00f1a [\/et_pb_fullwidth_header][\/et_pb_section][et_pb_section fb_built=&#8221;1&#8243; _builder_version=&#8221;4.9.4&#8243; _module_preset=&#8221;default&#8221;][et_pb_row column_structure=&#8221;2_5,3_5&#8243; _builder_version=&#8221;4.9.4&#8243; _module_preset=&#8221;default&#8221;][et_pb_column type=&#8221;2_5&#8243; _builder_version=&#8221;4.9.4&#8243; _module_preset=&#8221;default&#8221;][et_pb_text _builder_version=&#8221;4.9.4&#8243; [&hellip;]<\/p>\n","protected":false},"author":1,"featured_media":0,"parent":0,"menu_order":0,"comment_status":"closed","ping_status":"closed","template":"","meta":{"_et_pb_use_builder":"on","_et_pb_old_content":"","_et_gb_content_width":"","_monsterinsights_skip_tracking":false,"_monsterinsights_sitenote_active":false,"_monsterinsights_sitenote_note":"","_monsterinsights_sitenote_category":0,"footnotes":""},"class_list":["post-1645","page","type-page","status-publish","hentry"],"yoast_head":"<!-- This site is optimized with the Yoast SEO plugin v16.4 - https:\/\/yoast.com\/wordpress\/plugins\/seo\/ -->\n<title>P_Agust\u00edn Ernesto Mart\u00ednez | Aitana Congress 2021<\/title>\n<meta name=\"robots\" content=\"index, follow, max-snippet:-1, max-image-preview:large, max-video-preview:-1\" \/>\n<link rel=\"canonical\" href=\"https:\/\/www.aitanacongress.com\/2021\/p_agustin-ernesto-martinez\/\" \/>\n<meta property=\"og:locale\" content=\"es_ES\" \/>\n<meta property=\"og:type\" content=\"article\" \/>\n<meta property=\"og:title\" content=\"P_Agust\u00edn Ernesto Mart\u00ednez | Aitana Congress 2021\" \/>\n<meta property=\"og:description\" content=\"[et_pb_section fb_built=&#8221;1&#8243; fullwidth=&#8221;on&#8221; custom_padding_last_edited=&#8221;on|desktop&#8221; admin_label=&#8221;Cabecera &#8211; Titulo&#8221; module_class=&#8221;cabecera-seccion&#8221; _builder_version=&#8221;4.9.4&#8243; background_color=&#8221;#0094A9&#8243; height=&#8221;125px&#8221; custom_padding=&#8221;||||false|false&#8221; custom_padding_tablet=&#8221;||||false|false&#8221; custom_padding_phone=&#8221;||||false|false&#8221; custom_css_main_element_last_edited=&#8221;on|phone&#8221;][et_pb_fullwidth_header _builder_version=&#8221;4.9.4&#8243; title_level=&#8221;h4&#8243; title_font=&#8221;|800||on|||||&#8221; title_text_align=&#8221;center&#8221; title_text_color=&#8221;#053341&#8243; title_font_size=&#8221;48px&#8221; content_font=&#8221;|800|||||||&#8221; content_text_align=&#8221;center&#8221; content_text_color=&#8221;#FFFFFF&#8221; background_enable_color=&#8221;off&#8221; background_enable_image=&#8221;off&#8221; background_size=&#8221;contain&#8221; background_position=&#8221;center_left&#8221; custom_padding_tablet=&#8221;&#8221; custom_padding_phone=&#8221;10px||10px||false|false&#8221; custom_padding_last_edited=&#8221;on|phone&#8221; title_font_size_tablet=&#8221;&#8221; title_font_size_phone=&#8221;30px&#8221; title_font_size_last_edited=&#8221;on|phone&#8221;] Agustin Ernesto Mart\u00ednez Agustin Ernesto Mart\u00ednez Universidad de Alicante. Espa\u00f1a [\/et_pb_fullwidth_header][\/et_pb_section][et_pb_section fb_built=&#8221;1&#8243; _builder_version=&#8221;4.9.4&#8243; _module_preset=&#8221;default&#8221;][et_pb_row column_structure=&#8221;2_5,3_5&#8243; _builder_version=&#8221;4.9.4&#8243; _module_preset=&#8221;default&#8221;][et_pb_column type=&#8221;2_5&#8243; _builder_version=&#8221;4.9.4&#8243; _module_preset=&#8221;default&#8221;][et_pb_text _builder_version=&#8221;4.9.4&#8243; [&hellip;]\" \/>\n<meta property=\"og:url\" content=\"https:\/\/www.aitanacongress.com\/2021\/p_agustin-ernesto-martinez\/\" \/>\n<meta property=\"og:site_name\" content=\"Aitana Congress 2021\" \/>\n<meta property=\"article:modified_time\" content=\"2021-06-07T18:21:39+00:00\" \/>\n<meta name=\"twitter:card\" content=\"summary_large_image\" \/>\n<meta name=\"twitter:label1\" content=\"Tiempo de lectura\" \/>\n\t<meta name=\"twitter:data1\" content=\"4 minutos\" \/>\n<script type=\"application\/ld+json\" class=\"yoast-schema-graph\">{\"@context\":\"https:\/\/schema.org\",\"@graph\":[{\"@type\":\"WebSite\",\"@id\":\"https:\/\/www.aitanacongress.com\/2021\/#website\",\"url\":\"https:\/\/www.aitanacongress.com\/2021\/\",\"name\":\"Aitana Congress 2021\",\"description\":\"International Congress of Clinical and Health Psychology in Children and Adolescents\",\"potentialAction\":[{\"@type\":\"SearchAction\",\"target\":\"https:\/\/www.aitanacongress.com\/2021\/?s={search_term_string}\",\"query-input\":\"required name=search_term_string\"}],\"inLanguage\":\"es\"},{\"@type\":\"WebPage\",\"@id\":\"https:\/\/www.aitanacongress.com\/2021\/p_agustin-ernesto-martinez\/#webpage\",\"url\":\"https:\/\/www.aitanacongress.com\/2021\/p_agustin-ernesto-martinez\/\",\"name\":\"P_Agust\\u00edn Ernesto Mart\\u00ednez | Aitana Congress 2021\",\"isPartOf\":{\"@id\":\"https:\/\/www.aitanacongress.com\/2021\/#website\"},\"datePublished\":\"2021-06-03T01:19:50+00:00\",\"dateModified\":\"2021-06-07T18:21:39+00:00\",\"breadcrumb\":{\"@id\":\"https:\/\/www.aitanacongress.com\/2021\/p_agustin-ernesto-martinez\/#breadcrumb\"},\"inLanguage\":\"es\",\"potentialAction\":[{\"@type\":\"ReadAction\",\"target\":[\"https:\/\/www.aitanacongress.com\/2021\/p_agustin-ernesto-martinez\/\"]}]},{\"@type\":\"BreadcrumbList\",\"@id\":\"https:\/\/www.aitanacongress.com\/2021\/p_agustin-ernesto-martinez\/#breadcrumb\",\"itemListElement\":[{\"@type\":\"ListItem\",\"position\":1,\"item\":{\"@type\":\"WebPage\",\"@id\":\"https:\/\/www.aitanacongress.com\/2021\/\",\"url\":\"https:\/\/www.aitanacongress.com\/2021\/\",\"name\":\"Portada\"}},{\"@type\":\"ListItem\",\"position\":2,\"item\":{\"@id\":\"https:\/\/www.aitanacongress.com\/2021\/p_agustin-ernesto-martinez\/#webpage\"}}]}]}<\/script>\n<!-- \/ Yoast SEO plugin. -->","_links":{"self":[{"href":"https:\/\/www.aitanacongress.com\/2021\/wp-json\/wp\/v2\/pages\/1645","targetHints":{"allow":["GET"]}}],"collection":[{"href":"https:\/\/www.aitanacongress.com\/2021\/wp-json\/wp\/v2\/pages"}],"about":[{"href":"https:\/\/www.aitanacongress.com\/2021\/wp-json\/wp\/v2\/types\/page"}],"author":[{"embeddable":true,"href":"https:\/\/www.aitanacongress.com\/2021\/wp-json\/wp\/v2\/users\/1"}],"replies":[{"embeddable":true,"href":"https:\/\/www.aitanacongress.com\/2021\/wp-json\/wp\/v2\/comments?post=1645"}],"version-history":[{"count":4,"href":"https:\/\/www.aitanacongress.com\/2021\/wp-json\/wp\/v2\/pages\/1645\/revisions"}],"predecessor-version":[{"id":1811,"href":"https:\/\/www.aitanacongress.com\/2021\/wp-json\/wp\/v2\/pages\/1645\/revisions\/1811"}],"wp:attachment":[{"href":"https:\/\/www.aitanacongress.com\/2021\/wp-json\/wp\/v2\/media?parent=1645"}],"curies":[{"name":"wp","href":"https:\/\/api.w.org\/{rel}","templated":true}]}}