{"id":2478,"date":"2021-06-29T17:56:11","date_gmt":"2021-06-29T17:56:11","guid":{"rendered":"https:\/\/www.aitanacongress.com\/2021\/?page_id=2478"},"modified":"2021-06-29T18:06:22","modified_gmt":"2021-06-29T18:06:22","slug":"p_remedios-gonzalez","status":"publish","type":"page","link":"https:\/\/www.aitanacongress.com\/2021\/p_remedios-gonzalez\/","title":{"rendered":"P_Remedios Gonz\u00e1lez"},"content":{"rendered":"<p>[et_pb_section fb_built=&#8221;1&#8243; fullwidth=&#8221;on&#8221; custom_padding_last_edited=&#8221;on|desktop&#8221; admin_label=&#8221;Cabecera &#8211; Titulo&#8221; module_class=&#8221;cabecera-seccion&#8221; _builder_version=&#8221;4.9.4&#8243; background_color=&#8221;#0094A9&#8243; height=&#8221;125px&#8221; custom_padding=&#8221;||||false|false&#8221; custom_padding_tablet=&#8221;||||false|false&#8221; custom_padding_phone=&#8221;||||false|false&#8221; custom_css_main_element_last_edited=&#8221;on|phone&#8221;][et_pb_fullwidth_header _builder_version=&#8221;4.9.4&#8243; title_level=&#8221;h4&#8243; title_font=&#8221;|800||on|||||&#8221; title_text_align=&#8221;center&#8221; title_text_color=&#8221;#053341&#8243; title_font_size=&#8221;48px&#8221; content_font=&#8221;|800|||||||&#8221; content_text_align=&#8221;center&#8221; content_text_color=&#8221;#FFFFFF&#8221; background_enable_color=&#8221;off&#8221; background_enable_image=&#8221;off&#8221; background_size=&#8221;contain&#8221; background_position=&#8221;center_left&#8221; custom_padding_tablet=&#8221;&#8221; custom_padding_phone=&#8221;10px||10px||false|false&#8221; custom_padding_last_edited=&#8221;on|phone&#8221; title_font_size_tablet=&#8221;&#8221; title_font_size_phone=&#8221;30px&#8221; title_font_size_last_edited=&#8221;on|phone&#8221; locked=&#8221;off&#8221;]<\/p>\n<h4>Remedios Gonz\u00e1lez<\/h4>\n<p>Universitat de Val\u00e8ncia. Espa\u00f1a<\/p>\n<p>[\/et_pb_fullwidth_header][\/et_pb_section][et_pb_section fb_built=&#8221;1&#8243; _builder_version=&#8221;4.9.4&#8243; _module_preset=&#8221;default&#8221;][et_pb_row column_structure=&#8221;2_5,3_5&#8243; _builder_version=&#8221;4.9.4&#8243; _module_preset=&#8221;default&#8221;][et_pb_column type=&#8221;2_5&#8243; _builder_version=&#8221;4.9.4&#8243; _module_preset=&#8221;default&#8221;][et_pb_text _builder_version=&#8221;4.9.4&#8243; _module_preset=&#8221;default&#8221; header_2_text_color=&#8221;#E46708&#8243;]<\/p>\n<h2 style=\"text-align: right;\"><span class=\"TextRun Highlight  BCX0 SCXW61749050\" lang=\"ES-ES\" xml:lang=\"ES-ES\" data-contrast=\"none\"><span class=\"NormalTextRun  BCX0 SCXW61749050\">Factores de protecci\u00f3n familiares para el ajuste emocional en infancia y adolescencia<\/span><\/span><\/h2>\n<p>[\/et_pb_text][\/et_pb_column][et_pb_column type=&#8221;3_5&#8243; _builder_version=&#8221;4.9.4&#8243; _module_preset=&#8221;default&#8221;][et_pb_text _builder_version=&#8221;4.9.4&#8243; _module_preset=&#8221;default&#8221; text_orientation=&#8221;justified&#8221;]<\/p>\n<p>La familia es el principal sistema de socializaci\u00f3n en la infancia y adolescencia. Los progenitores modelan las actitudes y los comportamientos de sus hijas e hijos y ejercen influencia especialmente durante las primeras etapas de vida. Sin embargo, su cuidado y apoyo ayudan en el desarrollo emocional de sus miembros a lo largo de todo el ciclo vital. La adolescencia es un periodo de cambio y, como tal, esto va a implicar una transformaci\u00f3n en los v\u00ednculos y en la manera de interaccionar con su familia. Todo ello implica la b\u00fasqueda de su propia personalidad, su manera de enfrentarse a las dificultades y la manera de regularse emocionalmente. As\u00ed si una adolescencia normativa puede suponer un reto en la salud mental y el apoyo familiar resulta una variable protectora, cuando aparecen acontecimientos vitales estresantes que funcionan como estresores pueden tener un papel crucial. En esta l\u00ednea, se presentan cuatro experiencias que revisan diferentes estresores en la adolescencia para evaluar el impacto protector de la familia en el ajuste emocional en la etapa de la adolescencia. En primer lugar, se abordar\u00e1 el papel protector de la familia en el ajuste emocional en la adolescencia despu\u00e9s de un diagn\u00f3stico de una enfermedad cr\u00f3nica, como es el asma bronquial. En segundo lugar, se tratar\u00e1 siguiendo esta perspectiva de la familia como elemento protector planteando su impacto frente a la victimizaci\u00f3n y la exclusi\u00f3n social en la adolescencia. En tercer lugar, en la l\u00ednea de lo anterior, se valorar\u00e1 la importancia de las variables familiares en la violencia de pareja en esta etapa evolutiva. Y por \u00faltimo, de manera m\u00e1s global se relacionar\u00e1 la familia como factor protector en la salud mental. En conclusi\u00f3n, el simposio permitir\u00e1 reflexionar sobre la importancia de los aspectos familiares en el ajuste emocional de la adolescencia.<\/p>\n<p>[\/et_pb_text][\/et_pb_column][\/et_pb_row][et_pb_row column_structure=&#8221;3_4,1_4&#8243; _builder_version=&#8221;4.9.4&#8243; _module_preset=&#8221;default&#8221;][et_pb_column type=&#8221;3_4&#8243; _builder_version=&#8221;4.9.4&#8243; _module_preset=&#8221;default&#8221;][et_pb_text _builder_version=&#8221;4.9.4&#8243; _module_preset=&#8221;default&#8221; header_2_text_color=&#8221;#E46708&#8243; text_orientation=&#8221;right&#8221;]<\/p>\n<h2 style=\"text-align: right;\">CV<\/h2>\n<p>Remedios Gonz\u00e1lez Barr\u00f3n es Catedr\u00e1tica de Universidad Honoraria del Departamento de Personalidad, Evaluaci\u00f3n y Tratamientos Psicol\u00f3gicos de la Facultad de Psicolog\u00eda en la Universitat de Val\u00e8ncia. La docencia impartida se ha centrado en Psicolog\u00eda cl\u00ednica infanto-juvenil. En las \u00faltimas d\u00e9cadas ha desempe\u00f1ado diferentes cargos como Vicedecana de Pr\u00e1cticum, Coordinadora de la Diplomatura de Logopedia, Presidenta de la Asociaci\u00f3n Iberoamericana de Diagn\u00f3stico y Evaluaci\u00f3n Psicol\u00f3gica y Vicepresidenta, Directora de su revista. Tambi\u00e9n ha formado parte de diferentes comisiones de la Universidad. Ha investigado sobre distintas tem\u00e1ticas de la infancia y adolescencia (emociones, conducta prosocial, convivencia escolar, hospitalizaci\u00f3n, programas de intervenci\u00f3n, entre otros), aunque tambi\u00e9n con poblaci\u00f3n adulta (violencia de g\u00e9nero, depresi\u00f3n posparto, deterioro cognitivo, an\u00e1lisis sensorial, entre otros). Los objetivos se han centrado en determinar los perfiles de riesgo en las tem\u00e1ticas estudiadas. Las investigaciones han sido financiadas por organismos a trav\u00e9s de convocatorias p\u00fablicas. Tambi\u00e9n ha colaborado con otras instituciones nacionales (Universidad del Pa\u00eds Vasco, Universidad Aut\u00f3noma de Barcelona, UNED, etc.) e internacionales (Universidad de Buenos Aires, Universidad de M\u00e9xico, Universidad Pontificia de Lima, Universidad de Bolonia, Universidad de Leiven, Universidad de Berl\u00edn, entre otras). Ha realizado presentaciones en congresos nacionales e internacionales y publicaciones en revistas con \u00edndice de impacto. As\u00ed como libros docentes y de divulgaci\u00f3n y cap\u00edtulos de libros. Por su experiencia y dedicaci\u00f3n tiene reconocidos ampliamente la docencia y la investigaci\u00f3n en la Universitat de Val\u00e8ncia.<\/p>\n<p>[\/et_pb_text][\/et_pb_column][et_pb_column type=&#8221;1_4&#8243; _builder_version=&#8221;4.9.4&#8243; _module_preset=&#8221;default&#8221;][et_pb_image src=&#8221;https:\/\/www.aitanacongress.com\/2021\/wp-content\/uploads\/foto-Reme-Pamplona-e1624989342197.jpg&#8221; title_text=&#8221;foto- Reme- Pamplona&#8221; admin_label=&#8221;Image&#8221; _builder_version=&#8221;4.9.4&#8243; _module_preset=&#8221;default&#8221; border_radii=&#8221;on|15px|15px|15px|15px&#8221;][\/et_pb_image][\/et_pb_column][\/et_pb_row][\/et_pb_section]<\/p>\n","protected":false},"excerpt":{"rendered":"<p>[et_pb_section fb_built=&#8221;1&#8243; fullwidth=&#8221;on&#8221; custom_padding_last_edited=&#8221;on|desktop&#8221; admin_label=&#8221;Cabecera &#8211; Titulo&#8221; module_class=&#8221;cabecera-seccion&#8221; _builder_version=&#8221;4.9.4&#8243; background_color=&#8221;#0094A9&#8243; height=&#8221;125px&#8221; custom_padding=&#8221;||||false|false&#8221; custom_padding_tablet=&#8221;||||false|false&#8221; custom_padding_phone=&#8221;||||false|false&#8221; custom_css_main_element_last_edited=&#8221;on|phone&#8221;][et_pb_fullwidth_header _builder_version=&#8221;4.9.4&#8243; title_level=&#8221;h4&#8243; title_font=&#8221;|800||on|||||&#8221; title_text_align=&#8221;center&#8221; title_text_color=&#8221;#053341&#8243; title_font_size=&#8221;48px&#8221; content_font=&#8221;|800|||||||&#8221; content_text_align=&#8221;center&#8221; content_text_color=&#8221;#FFFFFF&#8221; background_enable_color=&#8221;off&#8221; background_enable_image=&#8221;off&#8221; background_size=&#8221;contain&#8221; background_position=&#8221;center_left&#8221; custom_padding_tablet=&#8221;&#8221; custom_padding_phone=&#8221;10px||10px||false|false&#8221; custom_padding_last_edited=&#8221;on|phone&#8221; title_font_size_tablet=&#8221;&#8221; title_font_size_phone=&#8221;30px&#8221; title_font_size_last_edited=&#8221;on|phone&#8221; locked=&#8221;off&#8221;] Remedios Gonz\u00e1lez Universitat de Val\u00e8ncia. Espa\u00f1a [\/et_pb_fullwidth_header][\/et_pb_section][et_pb_section fb_built=&#8221;1&#8243; _builder_version=&#8221;4.9.4&#8243; _module_preset=&#8221;default&#8221;][et_pb_row column_structure=&#8221;2_5,3_5&#8243; _builder_version=&#8221;4.9.4&#8243; _module_preset=&#8221;default&#8221;][et_pb_column type=&#8221;2_5&#8243; _builder_version=&#8221;4.9.4&#8243; _module_preset=&#8221;default&#8221;][et_pb_text _builder_version=&#8221;4.9.4&#8243; _module_preset=&#8221;default&#8221; header_2_text_color=&#8221;#E46708&#8243;] Factores [&hellip;]<\/p>\n","protected":false},"author":2,"featured_media":0,"parent":0,"menu_order":0,"comment_status":"closed","ping_status":"closed","template":"","meta":{"_et_pb_use_builder":"on","_et_pb_old_content":"","_et_gb_content_width":"","_monsterinsights_skip_tracking":false,"_monsterinsights_sitenote_active":false,"_monsterinsights_sitenote_note":"","_monsterinsights_sitenote_category":0,"footnotes":""},"class_list":["post-2478","page","type-page","status-publish","hentry"],"yoast_head":"<!-- This site is optimized with the Yoast SEO plugin v16.4 - https:\/\/yoast.com\/wordpress\/plugins\/seo\/ -->\n<title>P_Remedios Gonz\u00e1lez | Aitana Congress 2021<\/title>\n<meta name=\"robots\" content=\"index, follow, max-snippet:-1, max-image-preview:large, max-video-preview:-1\" \/>\n<link rel=\"canonical\" href=\"https:\/\/www.aitanacongress.com\/2021\/p_remedios-gonzalez\/\" \/>\n<meta property=\"og:locale\" content=\"es_ES\" \/>\n<meta property=\"og:type\" content=\"article\" \/>\n<meta property=\"og:title\" content=\"P_Remedios Gonz\u00e1lez | Aitana Congress 2021\" \/>\n<meta property=\"og:description\" content=\"[et_pb_section fb_built=&#8221;1&#8243; fullwidth=&#8221;on&#8221; custom_padding_last_edited=&#8221;on|desktop&#8221; admin_label=&#8221;Cabecera &#8211; Titulo&#8221; module_class=&#8221;cabecera-seccion&#8221; _builder_version=&#8221;4.9.4&#8243; background_color=&#8221;#0094A9&#8243; height=&#8221;125px&#8221; custom_padding=&#8221;||||false|false&#8221; custom_padding_tablet=&#8221;||||false|false&#8221; custom_padding_phone=&#8221;||||false|false&#8221; custom_css_main_element_last_edited=&#8221;on|phone&#8221;][et_pb_fullwidth_header _builder_version=&#8221;4.9.4&#8243; title_level=&#8221;h4&#8243; title_font=&#8221;|800||on|||||&#8221; title_text_align=&#8221;center&#8221; title_text_color=&#8221;#053341&#8243; title_font_size=&#8221;48px&#8221; content_font=&#8221;|800|||||||&#8221; content_text_align=&#8221;center&#8221; content_text_color=&#8221;#FFFFFF&#8221; background_enable_color=&#8221;off&#8221; background_enable_image=&#8221;off&#8221; background_size=&#8221;contain&#8221; background_position=&#8221;center_left&#8221; custom_padding_tablet=&#8221;&#8221; custom_padding_phone=&#8221;10px||10px||false|false&#8221; custom_padding_last_edited=&#8221;on|phone&#8221; title_font_size_tablet=&#8221;&#8221; title_font_size_phone=&#8221;30px&#8221; title_font_size_last_edited=&#8221;on|phone&#8221; locked=&#8221;off&#8221;] Remedios Gonz\u00e1lez Universitat de Val\u00e8ncia. Espa\u00f1a [\/et_pb_fullwidth_header][\/et_pb_section][et_pb_section fb_built=&#8221;1&#8243; _builder_version=&#8221;4.9.4&#8243; _module_preset=&#8221;default&#8221;][et_pb_row column_structure=&#8221;2_5,3_5&#8243; _builder_version=&#8221;4.9.4&#8243; _module_preset=&#8221;default&#8221;][et_pb_column type=&#8221;2_5&#8243; _builder_version=&#8221;4.9.4&#8243; _module_preset=&#8221;default&#8221;][et_pb_text _builder_version=&#8221;4.9.4&#8243; _module_preset=&#8221;default&#8221; header_2_text_color=&#8221;#E46708&#8243;] Factores [&hellip;]\" \/>\n<meta property=\"og:url\" content=\"https:\/\/www.aitanacongress.com\/2021\/p_remedios-gonzalez\/\" \/>\n<meta property=\"og:site_name\" content=\"Aitana Congress 2021\" \/>\n<meta property=\"article:modified_time\" content=\"2021-06-29T18:06:22+00:00\" \/>\n<meta name=\"twitter:card\" content=\"summary_large_image\" \/>\n<meta name=\"twitter:label1\" content=\"Tiempo de lectura\" \/>\n\t<meta name=\"twitter:data1\" content=\"3 minutos\" \/>\n<script type=\"application\/ld+json\" class=\"yoast-schema-graph\">{\"@context\":\"https:\/\/schema.org\",\"@graph\":[{\"@type\":\"WebSite\",\"@id\":\"https:\/\/www.aitanacongress.com\/2021\/#website\",\"url\":\"https:\/\/www.aitanacongress.com\/2021\/\",\"name\":\"Aitana Congress 2021\",\"description\":\"International Congress of Clinical and Health Psychology in Children and Adolescents\",\"potentialAction\":[{\"@type\":\"SearchAction\",\"target\":\"https:\/\/www.aitanacongress.com\/2021\/?s={search_term_string}\",\"query-input\":\"required name=search_term_string\"}],\"inLanguage\":\"es\"},{\"@type\":\"WebPage\",\"@id\":\"https:\/\/www.aitanacongress.com\/2021\/p_remedios-gonzalez\/#webpage\",\"url\":\"https:\/\/www.aitanacongress.com\/2021\/p_remedios-gonzalez\/\",\"name\":\"P_Remedios Gonz\\u00e1lez | Aitana Congress 2021\",\"isPartOf\":{\"@id\":\"https:\/\/www.aitanacongress.com\/2021\/#website\"},\"datePublished\":\"2021-06-29T17:56:11+00:00\",\"dateModified\":\"2021-06-29T18:06:22+00:00\",\"breadcrumb\":{\"@id\":\"https:\/\/www.aitanacongress.com\/2021\/p_remedios-gonzalez\/#breadcrumb\"},\"inLanguage\":\"es\",\"potentialAction\":[{\"@type\":\"ReadAction\",\"target\":[\"https:\/\/www.aitanacongress.com\/2021\/p_remedios-gonzalez\/\"]}]},{\"@type\":\"BreadcrumbList\",\"@id\":\"https:\/\/www.aitanacongress.com\/2021\/p_remedios-gonzalez\/#breadcrumb\",\"itemListElement\":[{\"@type\":\"ListItem\",\"position\":1,\"item\":{\"@type\":\"WebPage\",\"@id\":\"https:\/\/www.aitanacongress.com\/2021\/\",\"url\":\"https:\/\/www.aitanacongress.com\/2021\/\",\"name\":\"Portada\"}},{\"@type\":\"ListItem\",\"position\":2,\"item\":{\"@id\":\"https:\/\/www.aitanacongress.com\/2021\/p_remedios-gonzalez\/#webpage\"}}]}]}<\/script>\n<!-- \/ Yoast SEO plugin. -->","_links":{"self":[{"href":"https:\/\/www.aitanacongress.com\/2021\/wp-json\/wp\/v2\/pages\/2478","targetHints":{"allow":["GET"]}}],"collection":[{"href":"https:\/\/www.aitanacongress.com\/2021\/wp-json\/wp\/v2\/pages"}],"about":[{"href":"https:\/\/www.aitanacongress.com\/2021\/wp-json\/wp\/v2\/types\/page"}],"author":[{"embeddable":true,"href":"https:\/\/www.aitanacongress.com\/2021\/wp-json\/wp\/v2\/users\/2"}],"replies":[{"embeddable":true,"href":"https:\/\/www.aitanacongress.com\/2021\/wp-json\/wp\/v2\/comments?post=2478"}],"version-history":[{"count":5,"href":"https:\/\/www.aitanacongress.com\/2021\/wp-json\/wp\/v2\/pages\/2478\/revisions"}],"predecessor-version":[{"id":2490,"href":"https:\/\/www.aitanacongress.com\/2021\/wp-json\/wp\/v2\/pages\/2478\/revisions\/2490"}],"wp:attachment":[{"href":"https:\/\/www.aitanacongress.com\/2021\/wp-json\/wp\/v2\/media?parent=2478"}],"curies":[{"name":"wp","href":"https:\/\/api.w.org\/{rel}","templated":true}]}}