{"id":1362,"date":"2022-03-23T21:44:03","date_gmt":"2022-03-23T21:44:03","guid":{"rendered":"https:\/\/www.aitanacongress.com\/2022\/?page_id=1362"},"modified":"2022-04-25T18:10:53","modified_gmt":"2022-04-25T18:10:53","slug":"p_silvia-hidalgo-berutich-2","status":"publish","type":"page","link":"https:\/\/www.aitanacongress.com\/2022\/en\/p_silvia-hidalgo-berutich-2\/","title":{"rendered":"p_Silvia-hidalgo-berutich"},"content":{"rendered":"<p>[et_pb_section fb_built=\u00bb1&#8243; custom_padding_last_edited=\u00bbon|phone\u00bb admin_label=\u00bbponencia\u00bb _builder_version=\u00bb4.14.7&#8243; _module_preset=\u00bbdefault\u00bb custom_margin=\u00bb||||false|false\u00bb custom_padding=\u00bb0px||0px||false|false\u00bb custom_padding_tablet=\u00bb0px||0px||false|false\u00bb custom_padding_phone=\u00bb|0px||0px|false|false\u00bb collapsed=\u00bboff\u00bb global_colors_info=\u00bb{}\u00bb][et_pb_row custom_padding_last_edited=\u00bbon|desktop\u00bb _builder_version=\u00bb4.14.7&#8243; _module_preset=\u00bbdefault\u00bb custom_margin=\u00bb||||false|false\u00bb custom_padding_tablet=\u00bb\u00bb custom_padding_phone=\u00bb|0px||0px|false|false\u00bb global_colors_info=\u00bb{}\u00bb][et_pb_column type=\u00bb4_4&#8243; _builder_version=\u00bb4.14.7&#8243; _module_preset=\u00bbdefault\u00bb global_colors_info=\u00bb{}\u00bb][et_pb_text _builder_version=\u00bb4.14.7&#8243; _module_preset=\u00bbdefault\u00bb header_font=\u00bb|||on|||||\u00bb header_text_color=\u00bb#FFFFFF\u00bb header_font_size=\u00bb45px\u00bb header_2_font=\u00bb|800||on|||||\u00bb header_2_text_align=\u00bbcenter\u00bb header_2_text_color=\u00bb#0060A8&#8243; header_2_font_size=\u00bb35px\u00bb background_color=\u00bbRGBA(255,255,255,0)\u00bb text_orientation=\u00bbright\u00bb custom_margin=\u00bb0px||||false|false\u00bb custom_padding=\u00bb50px|120px|5px|120px|false|false\u00bb custom_padding_tablet=\u00bb50px|120px|5px|120px|false|false\u00bb custom_padding_phone=\u00bb70px|0px|5px|0px|false|false\u00bb custom_padding_last_edited=\u00bbon|phone\u00bb hover_enabled=\u00bb0&#8243; text_orientation_tablet=\u00bbright\u00bb text_orientation_phone=\u00bbcenter\u00bb text_orientation_last_edited=\u00bbon|desktop\u00bb global_colors_info=\u00bb{}\u00bb sticky_enabled=\u00bb0&#8243;]<\/p>\n<h2>Young adults: beyond adolescence. Psychology&#8217;s response from research and clinical intervention<\/h2>\n<p>[\/et_pb_text][et_pb_text admin_label=\u00bbresumen\u00bb _builder_version=\u00bb4.14.7&#8243; _module_preset=\u00bbdefault\u00bb background_color=\u00bbrgba(199,227,237,0.6)\u00bb width=\u00bb900px\u00bb module_alignment=\u00bbcenter\u00bb custom_margin=\u00bb||10px||false|false\u00bb custom_padding=\u00bb40px|30px|30px|40px|false|false\u00bb hover_enabled=\u00bb0&#8243; global_colors_info=\u00bb{}\u00bb sticky_enabled=\u00bb0&#8243;]<\/p>\n<p>In recent years, a clinical population with a new psychological profile is emerging in developmental psychology: young adults. This new stage, also known as \u00abemerging adulthood\u00bb, corresponds to young people between 18 and 30 years of age, who are considered adults by age but who feel different with respect to their age status: some still see themselves as adolescents, others as young people and others do not even know how to define themselves. They all have in common the feeling of being disoriented and anxious when it comes to facing the demands that society at \u00abtheir age\u00bb expects of them: either academically, at work or socially. It could be said that they have a cognitively capable psychological profile but an emotional immaturity that reduces their aptitudes and attitudes to adapt to the new challenges presented by the reality in which they are immersed. This stage is of interest for research and clinical psychology concerned with providing information and resources to help the transition from youth to early adulthood. This is the common thread of the papers presented here, which aim to provide information on the variables related to psychological maturity and adaptation to the normative social events it entails. We will be informed by neuroscience research on how brain mechanisms work at this stage, what the needs and interests of these young people are, and clinical intervention with the AVANZA Method using TTG in young people with anxiety, depression, panic attacks, OCD. Our multidisciplinary approach emphasizes the developmental needs and strengths that these young adults can achieve in order for them to perceive themselves as responsible adults capable of realizing their life project.<\/p>\n<p>[\/et_pb_text][\/et_pb_column][\/et_pb_row][et_pb_row column_structure=\u00bb1_3,2_3&#8243; custom_padding_last_edited=\u00bbon|desktop\u00bb _builder_version=\u00bb4.14.7&#8243; _module_preset=\u00bbdefault\u00bb custom_margin=\u00bb||||false|false\u00bb custom_padding_tablet=\u00bb\u00bb custom_padding_phone=\u00bb|0px||0px|false|false\u00bb global_colors_info=\u00bb{}\u00bb][et_pb_column type=\u00bb1_3&#8243; _builder_version=\u00bb4.14.7&#8243; _module_preset=\u00bbdefault\u00bb global_colors_info=\u00bb{}\u00bb][et_pb_image src=\u00bbhttps:\/\/www.aitanacongress.com\/2022\/wp-content\/uploads\/silvia-hidalgo.jpg\u00bb title_text=\u00bbsilvia-hidalgo\u00bb _builder_version=\u00bb4.14.7&#8243; _module_preset=\u00bbdefault\u00bb hover_enabled=\u00bb0&#8243; global_colors_info=\u00bb{}\u00bb sticky_enabled=\u00bb0&#8243;][\/et_pb_image][\/et_pb_column][et_pb_column type=\u00bb2_3&#8243; _builder_version=\u00bb4.14.7&#8243; _module_preset=\u00bbdefault\u00bb global_colors_info=\u00bb{}\u00bb][et_pb_text admin_label=\u00bbCV\u00bb _builder_version=\u00bb4.14.7&#8243; _module_preset=\u00bbdefault\u00bb background_color=\u00bbRGBA(255,255,255,0)\u00bb custom_margin=\u00bb||10px||false|false\u00bb custom_padding=\u00bb40px|30px|30px|40px|false|false\u00bb hover_enabled=\u00bb0&#8243; global_colors_info=\u00bb{}\u00bb sticky_enabled=\u00bb0&#8243;]<\/p>\n<h3>Silvia Hidalgo Berutich<\/h3>\n<p>Professor, Faculty of Psychology, UMA. Director of the Centro Psicologia AVANZA<\/p>\n<p>Degree in Psychology, clinical itinerary, (UMA, 1991); Degree in Pedagogy (UMA, 1995), Ph.D. in Psychology (UMA, 2005), and Postgraduate Master in Clinical Neuropsychology (Pediatric Itineraries, UPO, 2012), along with more than 50 training courses in the field of child clinical and attendance at national and international congresses with exhibitions of numerous communications and papers. Her professional activity combines teaching tasks. She is a professor at the University of Malaga, Faculty of Psychology, Dept. of Developmental Psychology and Education since 2004. She has been practicing clinical activity for 28 years as a specialist in psychotherapy and child and adolescent clinical neuropsychologist. Accredited as a General Health Psychologist; Psychotherapist recognized by EUROPSY and Clinical Neuropsychology Accredited by CNAP (September 2018). In AVANZA Psychology Center (Malaga), she develops evaluation and diagnostic functions, psychoeducational treatment, and training for parents and professionals. Her center is a reference entity and center of postgraduate practices for students from several Spanish universities (UMA, UPO, UNIR, UNED), with which the center maintains collaboration agreements.<\/p>\n<p>Dr. Hidalgo is part of R+D+I+D projects related to psychological test typifications: Validation (WIPSSI-IV) (PEARSON, 2013); ATENTO Project (TEA Edic. 2017); BD Dyslexia (TEA Edic. 2019) and d2-RFCT (TEA Edic. 2020); Staff collaborator in GINTA Group, Group of Integral Research in Typical and Atypical Neurodevelopment (University of Alicante) and Founding Partner of RED INFANCIA, the working group promoted by AITANA (UMH) for the promotion of child and adolescent health and is part of the Editorial Board of the RDCN (Disability, Clinical and Neurosciences Journal). In the field of training in Neuropsychology, from the 2016-17 academic year to the present she has been the academic deputy director and speaker at: I Course of Specialization in Child and Adolescent Clinical Neuropsychology (UMA own title, 2014), and in the 5 Editions of the Course of University Expert in Child Clinical Neuropsychology and 2 editions of the Master in NPSCI (2019-20; 2021-22), in Faculty of Psychology, University of Malaga (UMA). She is also a regular speaker at the annual congresses held by Federaci\u00f3n de Asociaciones Neuropsicolog\u00eda Espa\u00f1ola (FANPSE) and Sociedad Andaluza de Neuropsicolog\u00eda, (SANP), in Webinar of RED INFANCIA (2021 and 2022) and symposium coordinator for several years at the International Congress of Clinical and Health Psychology in Children and Adolescents of the AITANA Research Group (UMH).<\/p>\n<p>.<\/p>\n<p>[\/et_pb_text][\/et_pb_column][\/et_pb_row][\/et_pb_section][et_pb_section fb_built=\u00bb1&#8243; admin_label=\u00bbLOGO_ES\u00bb _builder_version=\u00bb4.14.7&#8243; _module_preset=\u00bbdefault\u00bb global_module=\u00bb165&#8243; saved_tabs=\u00bball\u00bb collapsed=\u00bbon\u00bb global_colors_info=\u00bb{}\u00bb][et_pb_row admin_label=\u00bbOrganiza\u00bb _builder_version=\u00bb4.14.7&#8243; _module_preset=\u00bbdefault\u00bb custom_margin=\u00bb||0px||false|false\u00bb custom_padding=\u00bb||0px||false|false\u00bb global_colors_info=\u00bb{}\u00bb][et_pb_column type=\u00bb4_4&#8243; _builder_version=\u00bb4.14.7&#8243; _module_preset=\u00bbdefault\u00bb global_colors_info=\u00bb{}\u00bb][et_pb_text _builder_version=\u00bb4.14.7&#8243; _module_preset=\u00bbdefault\u00bb text_font=\u00bb|||on|||||\u00bb text_text_color=\u00bb#CE122D\u00bb text_orientation=\u00bbcenter\u00bb module_alignment=\u00bbcenter\u00bb custom_margin=\u00bb||0px||false|false\u00bb custom_padding=\u00bb||0px||false|false\u00bb global_colors_info=\u00bb{}\u00bb]<\/p>\n<p>Organiza<\/p>\n<p>[\/et_pb_text][\/et_pb_column][\/et_pb_row][et_pb_row column_structure=\u00bb1_2,1_2&#8243; _builder_version=\u00bb4.14.7&#8243; _module_preset=\u00bbdefault\u00bb global_colors_info=\u00bb{}\u00bb][et_pb_column type=\u00bb1_2&#8243; _builder_version=\u00bb4.14.7&#8243; _module_preset=\u00bbdefault\u00bb global_colors_info=\u00bb{}\u00bb][et_pb_image src=\u00bbhttps:\/\/www.aitanacongress.com\/2022\/wp-content\/uploads\/logo-aitana-2022.png\u00bb title_text=\u00bblogo-aitana-2022&#8243; admin_label=\u00bbaitana\u00bb _builder_version=\u00bb4.14.7&#8243; _module_preset=\u00bbdefault\u00bb width=\u00bb250px\u00bb module_alignment=\u00bbcenter\u00bb global_colors_info=\u00bb{}\u00bb][\/et_pb_image][\/et_pb_column][et_pb_column type=\u00bb1_2&#8243; _builder_version=\u00bb4.14.7&#8243; _module_preset=\u00bbdefault\u00bb global_colors_info=\u00bb{}\u00bb][et_pb_image src=\u00bbhttps:\/\/www.aitanacongress.com\/2022\/wp-content\/uploads\/logo-UHM-2022.png\u00bb title_text=\u00bblogo-UHM-2022&#8243; admin_label=\u00bbUHM\u00bb _builder_version=\u00bb4.14.7&#8243; _module_preset=\u00bbdefault\u00bb width=\u00bb250px\u00bb module_alignment=\u00bbcenter\u00bb global_colors_info=\u00bb{}\u00bb][\/et_pb_image][\/et_pb_column][\/et_pb_row][\/et_pb_section]<\/p>\n","protected":false},"excerpt":{"rendered":"<p>Young adults: beyond adolescence. Psychology&#8217;s response from research and clinical interventionIn recent years, a clinical population with a new psychological profile is emerging in developmental psychology: young adults. This new stage, also known as \u00abemerging adulthood\u00bb, corresponds to young people between 18 and 30 years of age, who are considered adults by age but who [&hellip;]<\/p>\n","protected":false},"author":1,"featured_media":0,"parent":0,"menu_order":0,"comment_status":"closed","ping_status":"closed","template":"","meta":{"_et_pb_use_builder":"on","_et_pb_old_content":"","_et_gb_content_width":"","_oct_exclude_from_cache":false,"footnotes":""},"class_list":["post-1362","page","type-page","status-publish","hentry"],"yoast_head":"<!-- This site is optimized with the Yoast SEO plugin v23.6 - https:\/\/yoast.com\/wordpress\/plugins\/seo\/ -->\n<title>p_Silvia-hidalgo-berutich - aitanacongress.com<\/title>\n<meta name=\"robots\" content=\"index, follow, max-snippet:-1, max-image-preview:large, max-video-preview:-1\" \/>\n<link rel=\"canonical\" href=\"https:\/\/www.aitanacongress.com\/2022\/en\/p_silvia-hidalgo-berutich-2\/\" \/>\n<meta property=\"og:locale\" content=\"es_ES\" \/>\n<meta property=\"og:type\" content=\"article\" \/>\n<meta property=\"og:title\" content=\"p_Silvia-hidalgo-berutich - aitanacongress.com\" \/>\n<meta property=\"og:description\" content=\"Young adults: beyond adolescence. Psychology&#039;s response from research and clinical interventionIn recent years, a clinical population with a new psychological profile is emerging in developmental psychology: young adults. This new stage, also known as &quot;emerging adulthood&quot;, corresponds to young people between 18 and 30 years of age, who are considered adults by age but who [&hellip;]\" \/>\n<meta property=\"og:url\" content=\"https:\/\/www.aitanacongress.com\/2022\/en\/p_silvia-hidalgo-berutich-2\/\" \/>\n<meta property=\"og:site_name\" content=\"aitanacongress.com\" \/>\n<meta property=\"article:modified_time\" content=\"2022-04-25T18:10:53+00:00\" \/>\n<meta name=\"twitter:card\" content=\"summary_large_image\" \/>\n<meta name=\"twitter:label1\" content=\"Tiempo de lectura\" \/>\n\t<meta name=\"twitter:data1\" content=\"4 minutos\" \/>\n<script type=\"application\/ld+json\" class=\"yoast-schema-graph\">{\"@context\":\"https:\/\/schema.org\",\"@graph\":[{\"@type\":\"WebPage\",\"@id\":\"https:\/\/www.aitanacongress.com\/2022\/en\/p_silvia-hidalgo-berutich-2\/\",\"url\":\"https:\/\/www.aitanacongress.com\/2022\/en\/p_silvia-hidalgo-berutich-2\/\",\"name\":\"p_Silvia-hidalgo-berutich - aitanacongress.com\",\"isPartOf\":{\"@id\":\"https:\/\/www.aitanacongress.com\/2022\/#website\"},\"datePublished\":\"2022-03-23T21:44:03+00:00\",\"dateModified\":\"2022-04-25T18:10:53+00:00\",\"breadcrumb\":{\"@id\":\"https:\/\/www.aitanacongress.com\/2022\/en\/p_silvia-hidalgo-berutich-2\/#breadcrumb\"},\"inLanguage\":\"es\",\"potentialAction\":[{\"@type\":\"ReadAction\",\"target\":[\"https:\/\/www.aitanacongress.com\/2022\/en\/p_silvia-hidalgo-berutich-2\/\"]}]},{\"@type\":\"BreadcrumbList\",\"@id\":\"https:\/\/www.aitanacongress.com\/2022\/en\/p_silvia-hidalgo-berutich-2\/#breadcrumb\",\"itemListElement\":[{\"@type\":\"ListItem\",\"position\":1,\"name\":\"Portada\",\"item\":\"https:\/\/www.aitanacongress.com\/2022\/\"},{\"@type\":\"ListItem\",\"position\":2,\"name\":\"p_Silvia-hidalgo-berutich\"}]},{\"@type\":\"WebSite\",\"@id\":\"https:\/\/www.aitanacongress.com\/2022\/#website\",\"url\":\"https:\/\/www.aitanacongress.com\/2022\/\",\"name\":\"aitanacongress.com\",\"description\":\"8th International Congress of Clinical and Health Psychology in Children and Adolescents\",\"potentialAction\":[{\"@type\":\"SearchAction\",\"target\":{\"@type\":\"EntryPoint\",\"urlTemplate\":\"https:\/\/www.aitanacongress.com\/2022\/?s={search_term_string}\"},\"query-input\":{\"@type\":\"PropertyValueSpecification\",\"valueRequired\":true,\"valueName\":\"search_term_string\"}}],\"inLanguage\":\"es\"}]}<\/script>\n<!-- \/ Yoast SEO plugin. -->","yoast_head_json":{"title":"p_Silvia-hidalgo-berutich - aitanacongress.com","robots":{"index":"index","follow":"follow","max-snippet":"max-snippet:-1","max-image-preview":"max-image-preview:large","max-video-preview":"max-video-preview:-1"},"canonical":"https:\/\/www.aitanacongress.com\/2022\/en\/p_silvia-hidalgo-berutich-2\/","og_locale":"es_ES","og_type":"article","og_title":"p_Silvia-hidalgo-berutich - aitanacongress.com","og_description":"Young adults: beyond adolescence. Psychology's response from research and clinical interventionIn recent years, a clinical population with a new psychological profile is emerging in developmental psychology: young adults. This new stage, also known as \"emerging adulthood\", corresponds to young people between 18 and 30 years of age, who are considered adults by age but who [&hellip;]","og_url":"https:\/\/www.aitanacongress.com\/2022\/en\/p_silvia-hidalgo-berutich-2\/","og_site_name":"aitanacongress.com","article_modified_time":"2022-04-25T18:10:53+00:00","twitter_card":"summary_large_image","twitter_misc":{"Tiempo de lectura":"4 minutos"},"schema":{"@context":"https:\/\/schema.org","@graph":[{"@type":"WebPage","@id":"https:\/\/www.aitanacongress.com\/2022\/en\/p_silvia-hidalgo-berutich-2\/","url":"https:\/\/www.aitanacongress.com\/2022\/en\/p_silvia-hidalgo-berutich-2\/","name":"p_Silvia-hidalgo-berutich - aitanacongress.com","isPartOf":{"@id":"https:\/\/www.aitanacongress.com\/2022\/#website"},"datePublished":"2022-03-23T21:44:03+00:00","dateModified":"2022-04-25T18:10:53+00:00","breadcrumb":{"@id":"https:\/\/www.aitanacongress.com\/2022\/en\/p_silvia-hidalgo-berutich-2\/#breadcrumb"},"inLanguage":"es","potentialAction":[{"@type":"ReadAction","target":["https:\/\/www.aitanacongress.com\/2022\/en\/p_silvia-hidalgo-berutich-2\/"]}]},{"@type":"BreadcrumbList","@id":"https:\/\/www.aitanacongress.com\/2022\/en\/p_silvia-hidalgo-berutich-2\/#breadcrumb","itemListElement":[{"@type":"ListItem","position":1,"name":"Portada","item":"https:\/\/www.aitanacongress.com\/2022\/"},{"@type":"ListItem","position":2,"name":"p_Silvia-hidalgo-berutich"}]},{"@type":"WebSite","@id":"https:\/\/www.aitanacongress.com\/2022\/#website","url":"https:\/\/www.aitanacongress.com\/2022\/","name":"aitanacongress.com","description":"8th International Congress of Clinical and Health Psychology in Children and Adolescents","potentialAction":[{"@type":"SearchAction","target":{"@type":"EntryPoint","urlTemplate":"https:\/\/www.aitanacongress.com\/2022\/?s={search_term_string}"},"query-input":{"@type":"PropertyValueSpecification","valueRequired":true,"valueName":"search_term_string"}}],"inLanguage":"es"}]}},"_links":{"self":[{"href":"https:\/\/www.aitanacongress.com\/2022\/wp-json\/wp\/v2\/pages\/1362","targetHints":{"allow":["GET"]}}],"collection":[{"href":"https:\/\/www.aitanacongress.com\/2022\/wp-json\/wp\/v2\/pages"}],"about":[{"href":"https:\/\/www.aitanacongress.com\/2022\/wp-json\/wp\/v2\/types\/page"}],"author":[{"embeddable":true,"href":"https:\/\/www.aitanacongress.com\/2022\/wp-json\/wp\/v2\/users\/1"}],"replies":[{"embeddable":true,"href":"https:\/\/www.aitanacongress.com\/2022\/wp-json\/wp\/v2\/comments?post=1362"}],"version-history":[{"count":4,"href":"https:\/\/www.aitanacongress.com\/2022\/wp-json\/wp\/v2\/pages\/1362\/revisions"}],"predecessor-version":[{"id":1884,"href":"https:\/\/www.aitanacongress.com\/2022\/wp-json\/wp\/v2\/pages\/1362\/revisions\/1884"}],"wp:attachment":[{"href":"https:\/\/www.aitanacongress.com\/2022\/wp-json\/wp\/v2\/media?parent=1362"}],"curies":[{"name":"wp","href":"https:\/\/api.w.org\/{rel}","templated":true}]}}