{"id":3079,"date":"2022-07-25T10:58:32","date_gmt":"2022-07-25T10:58:32","guid":{"rendered":"https:\/\/www.aitanacongress.com\/2022\/?page_id=3079"},"modified":"2022-07-25T16:17:19","modified_gmt":"2022-07-25T16:17:19","slug":"p_sara-martins-leitao-2","status":"publish","type":"page","link":"https:\/\/www.aitanacongress.com\/2022\/p_sara-martins-leitao-2\/","title":{"rendered":"p_Sara Martins Leit\u00e3o"},"content":{"rendered":"<p>[et_pb_section fb_built=\u00bb1&#8243; custom_padding_last_edited=\u00bbon|phone\u00bb admin_label=\u00bbponencia\u00bb _builder_version=\u00bb4.14.7&#8243; _module_preset=\u00bbdefault\u00bb custom_margin=\u00bb||||false|false\u00bb custom_padding=\u00bb0px||0px||false|false\u00bb custom_padding_tablet=\u00bb0px||0px||false|false\u00bb custom_padding_phone=\u00bb|0px||0px|false|false\u00bb locked=\u00bboff\u00bb collapsed=\u00bboff\u00bb global_colors_info=\u00bb{}\u00bb][et_pb_row custom_padding_last_edited=\u00bbon|desktop\u00bb _builder_version=\u00bb4.14.7&#8243; _module_preset=\u00bbdefault\u00bb custom_margin=\u00bb||||false|false\u00bb custom_padding_tablet=\u00bb\u00bb custom_padding_phone=\u00bb|0px||0px|false|false\u00bb global_colors_info=\u00bb{}\u00bb][et_pb_column type=\u00bb4_4&#8243; _builder_version=\u00bb4.14.7&#8243; _module_preset=\u00bbdefault\u00bb global_colors_info=\u00bb{}\u00bb][et_pb_text _builder_version=\u00bb4.14.7&#8243; _module_preset=\u00bbdefault\u00bb header_font=\u00bb|||on|||||\u00bb header_text_color=\u00bb#FFFFFF\u00bb header_font_size=\u00bb45px\u00bb header_2_font=\u00bb|800||on|||||\u00bb header_2_text_align=\u00bbcenter\u00bb header_2_text_color=\u00bb#0060A8&#8243; header_2_font_size=\u00bb35px\u00bb background_color=\u00bbRGBA(255,255,255,0)\u00bb text_orientation=\u00bbright\u00bb custom_margin=\u00bb0px||||false|false\u00bb custom_padding=\u00bb50px|120px|5px|120px|false|false\u00bb custom_padding_tablet=\u00bb50px|120px|5px|120px|false|false\u00bb custom_padding_phone=\u00bb70px|0px|5px|0px|false|false\u00bb custom_padding_last_edited=\u00bbon|phone\u00bb hover_enabled=\u00bb0&#8243; text_orientation_tablet=\u00bbright\u00bb text_orientation_phone=\u00bbcenter\u00bb text_orientation_last_edited=\u00bbon|desktop\u00bb global_colors_info=\u00bb{}\u00bb sticky_enabled=\u00bb0&#8243;]<\/p>\n<h2>El terapeuta est\u00e1 presente: Factores del terapeuta en las intervenciones con padres y familias<\/h2>\n<p>[\/et_pb_text][et_pb_text admin_label=\u00bbresumen\u00bb _builder_version=\u00bb4.14.7&#8243; _module_preset=\u00bbdefault\u00bb background_color=\u00bbrgba(199,227,237,0.6)\u00bb width=\u00bb900px\u00bb module_alignment=\u00bbcenter\u00bb custom_margin=\u00bb||10px||false|false\u00bb custom_padding=\u00bb40px|30px|30px|40px|false|false\u00bb hover_enabled=\u00bb0&#8243; global_colors_info=\u00bb{}\u00bb sticky_enabled=\u00bb0&#8243;]<\/p>\n<p>En 2010, Marina Abromovi\u0107 realiz\u00f3 en el MoMA una actuaci\u00f3n llamada \u00abEl artista est\u00e1 presente\u00bb. Se sent\u00f3 en silencio en una mesa de madera frente a una silla vac\u00eda y, durante ocho horas al d\u00eda, a lo largo de tres meses, se limit\u00f3 a permanecer de pie y esperar mientras la gente se turnaba para sentarse en la silla y mirarla. Al igual que los artistas, que trabajan en el arte del cambio terap\u00e9utico, los terapeutas tambi\u00e9n deben permanecer de pie para ser vistos, ya que la terapia s\u00f3lo funciona a trav\u00e9s de la persona y las acciones del terapeuta (Blow et al., 2007). La pr\u00e1ctica basada en la evidencia en psicolog\u00eda se ha definido como la integraci\u00f3n del conocimiento de la investigaci\u00f3n con la experiencia cl\u00ednica en el contexto de las caracter\u00edsticas particulares de los pacientes (APA, Presidential Task Force on Evidence-Based Practice, 2006). De hecho, la pr\u00e1ctica basada en la evidencia no se compone \u00fanicamente de tratamientos bien validados y te\u00f3ricamente coherentes, que se encuentran en manuales sin vida. M\u00e1s bien, la pr\u00e1ctica efectiva se produce a trav\u00e9s de cl\u00ednicos competentes que se basan en la mejor evidencia disponible, as\u00ed como se apoyan en su sabidur\u00eda cl\u00ednica y personal (Blow &amp; Karam, 2017). El \u00abarte terap\u00e9utico\u00bb de la entrega del programa es, por lo tanto, al menos tan importante para el \u00e9xito del programa como su contenido (Webster-Stratton, 2004). En un meta-an\u00e1lisis de las variables de la relaci\u00f3n terap\u00e9utica en la terapia juvenil y familiar, Karver y colaboradores encontraron que entre los mejores predictores de los resultados de los j\u00f3venes estaban los factores relacionados con el terapeuta, como las habilidades interpersonales del consejero y las habilidades de influencia directa del terapeuta (Karver, et al.,2006). Tambi\u00e9n se encontr\u00f3 que las variables del terapeuta eran los predictores m\u00e1s importantes del abandono en la atenci\u00f3n de salud mental de ni\u00f1os y adolescentes, siendo las variables del tratamiento y del terapeuta predictores m\u00e1s fuertes del abandono que las variables del ni\u00f1o antes del tratamiento y las variables de la familia o los padres antes del tratamiento (de Haan et. al., 2013). En particular, los niveles m\u00e1s altos de la alianza entre los padres y el profesional se asociaron generalmente con mejores resultados cl\u00ednicos para los ni\u00f1os, los padres y las familias involucradas, as\u00ed como un mayor compromiso con el tratamiento y menores niveles de abandono (de Greef et al., 2016). El trabajo con sistemas complejos, como las familias, puede ser m\u00e1s exigente y requerir habilidades adicionales de los terapeutas, lo que hace que su papel sea a\u00fan m\u00e1s crucial que en el trabajo individual (Blow y Karam, 2017). Adem\u00e1s, la implementaci\u00f3n efectiva de los programas de crianza est\u00e1 influenciada por factores del terapeuta (Leit\u00e3o et al., 2020). Aunque estos programas suelen estar manualizados, y apoyados en procedimientos y materiales estandarizados, suelen ser impartidos por profesionales de diferentes \u00e1mbitos(Dretzke et al., 2009), lo que puede aumentar la variabilidad de las habilidades de los profesionales y la calidad de la prestaci\u00f3n, especialmente en contextos comunitarios, donde los recursos para la formaci\u00f3n, la supervisi\u00f3n y la retenci\u00f3n del personal cualificado suelen ser m\u00e1s tenues. A pesar de la importancia de los factores del terapeuta en las intervenciones basadas en la familia y los padres, la investigaci\u00f3n en este campo ha sido escasa y pobre (Zegarac et al., 2021; Leit\u00e3o et al., 2020). El terapeuta rara vez est\u00e1 presente en los estudios publicados, oculto en conceptos complejos como la alianza terap\u00e9utica o la fidelidad de la intervenci\u00f3n. El presente simposio representa una oportunidad para discutir y reflexionar sobre factores espec\u00edficos relacionados con el terapeuta en el campo de las intervenciones psicosociales con familias o padres. Los investigadores en este campo est\u00e1n invitados a presentar sus estudios recientes sobre las caracter\u00edsticas y acciones del terapeuta que han demostrado contribuir al proceso de intervenci\u00f3n en las intervenciones con familias o padres. \u00bfQui\u00e9nes son los terapeutas m\u00e1s eficaces? \u00bfQu\u00e9 hacen en los entornos de intervenci\u00f3n? Este simposio convoca a los terapeutas de intervenciones familiares y de crianza a estar presentes y sentados en la mesa del debate cient\u00edfico y cl\u00ednico.<\/p>\n<p>&nbsp;<\/p>\n<p>[\/et_pb_text][\/et_pb_column][\/et_pb_row][et_pb_row column_structure=\u00bb1_3,2_3&#8243; custom_padding_last_edited=\u00bbon|desktop\u00bb _builder_version=\u00bb4.14.7&#8243; _module_preset=\u00bbdefault\u00bb custom_margin=\u00bb||||false|false\u00bb custom_padding_tablet=\u00bb\u00bb custom_padding_phone=\u00bb|0px||0px|false|false\u00bb global_colors_info=\u00bb{}\u00bb][et_pb_column type=\u00bb1_3&#8243; _builder_version=\u00bb4.14.7&#8243; _module_preset=\u00bbdefault\u00bb global_colors_info=\u00bb{}\u00bb][et_pb_image src=\u00bbhttps:\/\/www.aitanacongress.com\/2022\/wp-content\/uploads\/Sara-Leitao-1.jpg\u00bb title_text=\u00bbSara Leit\u00e3o\u00bb _builder_version=\u00bb4.14.7&#8243; _module_preset=\u00bbdefault\u00bb global_colors_info=\u00bb{}\u00bb][\/et_pb_image][\/et_pb_column][et_pb_column type=\u00bb2_3&#8243; _builder_version=\u00bb4.14.7&#8243; _module_preset=\u00bbdefault\u00bb global_colors_info=\u00bb{}\u00bb][et_pb_text admin_label=\u00bbCV\u00bb _builder_version=\u00bb4.14.7&#8243; _module_preset=\u00bbdefault\u00bb background_color=\u00bbRGBA(255,255,255,0)\u00bb custom_margin=\u00bb||10px||false|false\u00bb custom_padding=\u00bb40px|30px|30px|40px|false|false\u00bb hover_enabled=\u00bb0&#8243; global_colors_info=\u00bb{}\u00bb sticky_enabled=\u00bb0&#8243;]<\/p>\n<h3>Sara Martins Leit\u00e3o<\/h3>\n<p>Universidad de Coimbra, Portugal<\/p>\n<p>Sara Martins Leit\u00e3o posee un M\u00e1ster en Psicolog\u00eda Cl\u00ednica y actualmente est\u00e1 completando sus estudios de investigaci\u00f3n de doctorado, que han sido premiados con una beca nacional. Con una considerable experiencia en la implementaci\u00f3n e investigaci\u00f3n de los programas de The Incredible Years, su actual proyecto de investigaci\u00f3n est\u00e1 dedicado a comprender el papel de los factores del terapeuta en la implementaci\u00f3n del Programa B\u00e1sico para Padres de The Incredible Years con padres de ni\u00f1os con problemas de conducta. Su revisi\u00f3n sistem\u00e1tica publicada fue la primera en explorar los factores del terapeuta en las intervenciones basadas en los padres dirigidas a los problemas de conducta de los ni\u00f1os y ha sido traducida al espa\u00f1ol. Tambi\u00e9n es coautora de art\u00edculos cient\u00edficos de relevancia internacional y de la \u00fanica monograf\u00eda nacional dedicada a las pr\u00e1cticas recomendadas en el sistema portugu\u00e9s de intervenci\u00f3n en la primera infancia. Adem\u00e1s de la investigaci\u00f3n, imparte clases en un programa de Master de Psicolog\u00eda Cl\u00ednica de una universidad portuguesa, y se ha comprometido profundamente con la pr\u00e1ctica cl\u00ednica con ni\u00f1os y familias, como psic\u00f3loga certificada por el Colegio de Psicolog\u00eda portugu\u00e9s, con reconocida experiencia en Psicolog\u00eda Cl\u00ednica y de la Salud, Necesidades Especiales e Intervenci\u00f3n en la Primera Infancia.<\/p>\n<p>[\/et_pb_text][\/et_pb_column][\/et_pb_row][\/et_pb_section][et_pb_section fb_built=\u00bb1&#8243; admin_label=\u00bbLOGO_ES\u00bb _builder_version=\u00bb4.14.7&#8243; _module_preset=\u00bbdefault\u00bb global_module=\u00bb165&#8243; saved_tabs=\u00bball\u00bb collapsed=\u00bbon\u00bb global_colors_info=\u00bb{}\u00bb][et_pb_row admin_label=\u00bbOrganiza\u00bb _builder_version=\u00bb4.14.7&#8243; _module_preset=\u00bbdefault\u00bb custom_margin=\u00bb||0px||false|false\u00bb custom_padding=\u00bb||0px||false|false\u00bb global_colors_info=\u00bb{}\u00bb][et_pb_column type=\u00bb4_4&#8243; _builder_version=\u00bb4.14.7&#8243; _module_preset=\u00bbdefault\u00bb global_colors_info=\u00bb{}\u00bb][et_pb_text _builder_version=\u00bb4.14.7&#8243; _module_preset=\u00bbdefault\u00bb text_font=\u00bb|||on|||||\u00bb text_text_color=\u00bb#CE122D\u00bb text_orientation=\u00bbcenter\u00bb module_alignment=\u00bbcenter\u00bb custom_margin=\u00bb||0px||false|false\u00bb custom_padding=\u00bb||0px||false|false\u00bb global_colors_info=\u00bb{}\u00bb]<\/p>\n<p>Organiza<\/p>\n<p>[\/et_pb_text][\/et_pb_column][\/et_pb_row][et_pb_row column_structure=\u00bb1_4,1_4,1_4,1_4&#8243; _builder_version=\u00bb4.14.7&#8243; _module_preset=\u00bbdefault\u00bb global_colors_info=\u00bb{}\u00bb][et_pb_column type=\u00bb1_4&#8243; _builder_version=\u00bb4.14.7&#8243; _module_preset=\u00bbdefault\u00bb global_colors_info=\u00bb{}\u00bb][\/et_pb_column][et_pb_column type=\u00bb1_4&#8243; _builder_version=\u00bb4.14.7&#8243; _module_preset=\u00bbdefault\u00bb global_colors_info=\u00bb{}\u00bb][et_pb_image src=\u00bbhttps:\/\/www.aitanacongress.com\/2022\/wp-content\/uploads\/logo-aitana-2022.png\u00bb title_text=\u00bblogo-aitana-2022&#8243; admin_label=\u00bbaitana\u00bb _builder_version=\u00bb4.14.7&#8243; _module_preset=\u00bbdefault\u00bb width=\u00bb250px\u00bb module_alignment=\u00bbcenter\u00bb global_colors_info=\u00bb{}\u00bb][\/et_pb_image][\/et_pb_column][et_pb_column type=\u00bb1_4&#8243; _builder_version=\u00bb4.14.7&#8243; _module_preset=\u00bbdefault\u00bb global_colors_info=\u00bb{}\u00bb][et_pb_image src=\u00bbhttps:\/\/www.aitanacongress.com\/2022\/wp-content\/uploads\/logo-UHM-2022.png\u00bb title_text=\u00bblogo-UHM-2022&#8243; admin_label=\u00bbUHM\u00bb _builder_version=\u00bb4.14.7&#8243; _module_preset=\u00bbdefault\u00bb width=\u00bb250px\u00bb module_alignment=\u00bbcenter\u00bb global_colors_info=\u00bb{}\u00bb][\/et_pb_image][\/et_pb_column][et_pb_column type=\u00bb1_4&#8243; _builder_version=\u00bb4.14.7&#8243; _module_preset=\u00bbdefault\u00bb global_colors_info=\u00bb{}\u00bb][\/et_pb_column][\/et_pb_row][et_pb_row admin_label=\u00bbCon el apoyo de \u00bb _builder_version=\u00bb4.14.7&#8243; _module_preset=\u00bbdefault\u00bb custom_margin=\u00bb||0px||false|false\u00bb custom_padding=\u00bb||0px||false|false\u00bb global_colors_info=\u00bb{}\u00bb][et_pb_column type=\u00bb4_4&#8243; _builder_version=\u00bb4.14.7&#8243; _module_preset=\u00bbdefault\u00bb global_colors_info=\u00bb{}\u00bb][et_pb_text _builder_version=\u00bb4.14.7&#8243; _module_preset=\u00bbdefault\u00bb text_font=\u00bb|||on|||||\u00bb text_text_color=\u00bb#CE122D\u00bb text_orientation=\u00bbcenter\u00bb module_alignment=\u00bbcenter\u00bb custom_margin=\u00bb||0px||false|false\u00bb custom_padding=\u00bb||0px||false|false\u00bb global_colors_info=\u00bb{}\u00bb]<\/p>\n<p>Con el apoyo de<\/p>\n<p>[\/et_pb_text][\/et_pb_column][\/et_pb_row][et_pb_row column_structure=\u00bb1_5,1_5,1_5,1_5,1_5&#8243; use_custom_gutter=\u00bbon\u00bb gutter_width=\u00bb2&#8243; _builder_version=\u00bb4.14.7&#8243; _module_preset=\u00bbdefault\u00bb max_width=\u00bb900px\u00bb global_colors_info=\u00bb{}\u00bb][et_pb_column type=\u00bb1_5&#8243; _builder_version=\u00bb4.14.7&#8243; _module_preset=\u00bbdefault\u00bb global_colors_info=\u00bb{}\u00bb][et_pb_image src=\u00bbhttps:\/\/www.aitanacongress.com\/2022\/wp-content\/uploads\/logo-piramide-2022.png\u00bb title_text=\u00bblogo-piramide-2022&#8243; admin_label=\u00bbpiramide\u00bb _builder_version=\u00bb4.14.7&#8243; _module_preset=\u00bbdefault\u00bb max_width=\u00bb250px\u00bb module_alignment=\u00bbcenter\u00bb global_colors_info=\u00bb{}\u00bb][\/et_pb_image][\/et_pb_column][et_pb_column type=\u00bb1_5&#8243; _builder_version=\u00bb4.14.7&#8243; _module_preset=\u00bbdefault\u00bb global_colors_info=\u00bb{}\u00bb][et_pb_image src=\u00bbhttps:\/\/www.aitanacongress.com\/2022\/wp-content\/uploads\/logo-tea.png\u00bb title_text=\u00bblogo-tea\u00bb admin_label=\u00bbtea\u00bb _builder_version=\u00bb4.14.7&#8243; _module_preset=\u00bbdefault\u00bb max_width=\u00bb250px\u00bb module_alignment=\u00bbcenter\u00bb global_colors_info=\u00bb{}\u00bb][\/et_pb_image][\/et_pb_column][et_pb_column type=\u00bb1_5&#8243; _builder_version=\u00bb4.14.7&#8243; _module_preset=\u00bbdefault\u00bb global_colors_info=\u00bb{}\u00bb][et_pb_image src=\u00bbhttps:\/\/www.aitanacongress.com\/2022\/wp-content\/uploads\/8CIPCNA-adaptaciones-Recuperado.png\u00bb title_text=\u00bb8CIPCNA-adaptaciones-%91Recuperado%93&#8243; admin_label=\u00bbred infancia\u00bb _builder_version=\u00bb4.14.7&#8243; _module_preset=\u00bbdefault\u00bb max_width=\u00bb250px\u00bb module_alignment=\u00bbcenter\u00bb global_colors_info=\u00bb{}\u00bb][\/et_pb_image][\/et_pb_column][et_pb_column type=\u00bb1_5&#8243; _builder_version=\u00bb4.14.7&#8243; _module_preset=\u00bbdefault\u00bb global_colors_info=\u00bb{}\u00bb][et_pb_image src=\u00bbhttps:\/\/www.aitanacongress.com\/2022\/wp-content\/uploads\/logo_COP.png\u00bb title_text=\u00bblogo_COP\u00bb admin_label=\u00bbCOP\u00bb _builder_version=\u00bb4.14.7&#8243; _module_preset=\u00bbdefault\u00bb max_width=\u00bb250px\u00bb module_alignment=\u00bbcenter\u00bb global_colors_info=\u00bb{}\u00bb][\/et_pb_image][\/et_pb_column][et_pb_column type=\u00bb1_5&#8243; _builder_version=\u00bb4.14.7&#8243; _module_preset=\u00bbdefault\u00bb global_colors_info=\u00bb{}\u00bb][et_pb_image src=\u00bbhttps:\/\/www.aitanacongress.com\/2022\/wp-content\/uploads\/logo-academia-psicologia.gif\u00bb title_text=\u00bblogo-academia-psicologia\u00bb admin_label=\u00bbAcademia Psic\u00bb _builder_version=\u00bb4.14.7&#8243; _module_preset=\u00bbdefault\u00bb custom_margin=\u00bb||-1px|||\u00bb global_colors_info=\u00bb{}\u00bb][\/et_pb_image][\/et_pb_column][\/et_pb_row][et_pb_row_inner _builder_version=\u00bb4.14.7&#8243; _module_preset=\u00bbdefault\u00bb global_colors_info=\u00bb{}\u00bb][et_pb_column_inner saved_specialty_column_type=\u00bb1_2&#8243; _builder_version=\u00bb4.14.7&#8243; _module_preset=\u00bbdefault\u00bb global_colors_info=\u00bb{}\u00bb][et_pb_text _builder_version=\u00bb4.14.7&#8243; _module_preset=\u00bbdefault\u00bb global_colors_info=\u00bb{}\u00bb][\/et_pb_text][\/et_pb_column_inner][\/et_pb_row_inner][\/et_pb_section]<\/p>\n","protected":false},"excerpt":{"rendered":"<p>El terapeuta est\u00e1 presente: Factores del terapeuta en las intervenciones con padres y familiasEn 2010, Marina Abromovi\u0107 realiz\u00f3 en el MoMA una actuaci\u00f3n llamada \u00abEl artista est\u00e1 presente\u00bb. Se sent\u00f3 en silencio en una mesa de madera frente a una silla vac\u00eda y, durante ocho horas al d\u00eda, a lo largo de tres meses, se [&hellip;]<\/p>\n","protected":false},"author":2,"featured_media":0,"parent":0,"menu_order":0,"comment_status":"closed","ping_status":"closed","template":"","meta":{"_et_pb_use_builder":"on","_et_pb_old_content":"","_et_gb_content_width":"","_oct_exclude_from_cache":false,"footnotes":""},"class_list":["post-3079","page","type-page","status-publish","hentry"],"yoast_head":"<!-- This site is optimized with the Yoast SEO plugin v23.6 - https:\/\/yoast.com\/wordpress\/plugins\/seo\/ -->\n<title>p_Sara Martins Leit\u00e3o - aitanacongress.com<\/title>\n<meta name=\"robots\" content=\"index, follow, max-snippet:-1, max-image-preview:large, max-video-preview:-1\" \/>\n<link rel=\"canonical\" href=\"https:\/\/www.aitanacongress.com\/2022\/p_sara-martins-leitao-2\/\" \/>\n<meta property=\"og:locale\" content=\"es_ES\" \/>\n<meta property=\"og:type\" content=\"article\" \/>\n<meta property=\"og:title\" content=\"p_Sara Martins Leit\u00e3o - aitanacongress.com\" \/>\n<meta property=\"og:description\" content=\"El terapeuta est\u00e1 presente: Factores del terapeuta en las intervenciones con padres y familiasEn 2010, Marina Abromovi\u0107 realiz\u00f3 en el MoMA una actuaci\u00f3n llamada &quot;El artista est\u00e1 presente&quot;. Se sent\u00f3 en silencio en una mesa de madera frente a una silla vac\u00eda y, durante ocho horas al d\u00eda, a lo largo de tres meses, se [&hellip;]\" \/>\n<meta property=\"og:url\" content=\"https:\/\/www.aitanacongress.com\/2022\/p_sara-martins-leitao-2\/\" \/>\n<meta property=\"og:site_name\" content=\"aitanacongress.com\" \/>\n<meta property=\"article:modified_time\" content=\"2022-07-25T16:17:19+00:00\" \/>\n<meta name=\"twitter:card\" content=\"summary_large_image\" \/>\n<meta name=\"twitter:label1\" content=\"Tiempo de lectura\" \/>\n\t<meta name=\"twitter:data1\" content=\"6 minutos\" \/>\n<script type=\"application\/ld+json\" class=\"yoast-schema-graph\">{\"@context\":\"https:\/\/schema.org\",\"@graph\":[{\"@type\":\"WebPage\",\"@id\":\"https:\/\/www.aitanacongress.com\/2022\/p_sara-martins-leitao-2\/\",\"url\":\"https:\/\/www.aitanacongress.com\/2022\/p_sara-martins-leitao-2\/\",\"name\":\"p_Sara Martins Leit\u00e3o - aitanacongress.com\",\"isPartOf\":{\"@id\":\"https:\/\/www.aitanacongress.com\/2022\/#website\"},\"datePublished\":\"2022-07-25T10:58:32+00:00\",\"dateModified\":\"2022-07-25T16:17:19+00:00\",\"breadcrumb\":{\"@id\":\"https:\/\/www.aitanacongress.com\/2022\/p_sara-martins-leitao-2\/#breadcrumb\"},\"inLanguage\":\"es\",\"potentialAction\":[{\"@type\":\"ReadAction\",\"target\":[\"https:\/\/www.aitanacongress.com\/2022\/p_sara-martins-leitao-2\/\"]}]},{\"@type\":\"BreadcrumbList\",\"@id\":\"https:\/\/www.aitanacongress.com\/2022\/p_sara-martins-leitao-2\/#breadcrumb\",\"itemListElement\":[{\"@type\":\"ListItem\",\"position\":1,\"name\":\"Portada\",\"item\":\"https:\/\/www.aitanacongress.com\/2022\/\"},{\"@type\":\"ListItem\",\"position\":2,\"name\":\"p_Sara Martins Leit\u00e3o\"}]},{\"@type\":\"WebSite\",\"@id\":\"https:\/\/www.aitanacongress.com\/2022\/#website\",\"url\":\"https:\/\/www.aitanacongress.com\/2022\/\",\"name\":\"aitanacongress.com\",\"description\":\"8th International Congress of Clinical and Health Psychology in Children and Adolescents\",\"potentialAction\":[{\"@type\":\"SearchAction\",\"target\":{\"@type\":\"EntryPoint\",\"urlTemplate\":\"https:\/\/www.aitanacongress.com\/2022\/?s={search_term_string}\"},\"query-input\":{\"@type\":\"PropertyValueSpecification\",\"valueRequired\":true,\"valueName\":\"search_term_string\"}}],\"inLanguage\":\"es\"}]}<\/script>\n<!-- \/ Yoast SEO plugin. -->","yoast_head_json":{"title":"p_Sara Martins Leit\u00e3o - aitanacongress.com","robots":{"index":"index","follow":"follow","max-snippet":"max-snippet:-1","max-image-preview":"max-image-preview:large","max-video-preview":"max-video-preview:-1"},"canonical":"https:\/\/www.aitanacongress.com\/2022\/p_sara-martins-leitao-2\/","og_locale":"es_ES","og_type":"article","og_title":"p_Sara Martins Leit\u00e3o - aitanacongress.com","og_description":"El terapeuta est\u00e1 presente: Factores del terapeuta en las intervenciones con padres y familiasEn 2010, Marina Abromovi\u0107 realiz\u00f3 en el MoMA una actuaci\u00f3n llamada \"El artista est\u00e1 presente\". Se sent\u00f3 en silencio en una mesa de madera frente a una silla vac\u00eda y, durante ocho horas al d\u00eda, a lo largo de tres meses, se [&hellip;]","og_url":"https:\/\/www.aitanacongress.com\/2022\/p_sara-martins-leitao-2\/","og_site_name":"aitanacongress.com","article_modified_time":"2022-07-25T16:17:19+00:00","twitter_card":"summary_large_image","twitter_misc":{"Tiempo de lectura":"6 minutos"},"schema":{"@context":"https:\/\/schema.org","@graph":[{"@type":"WebPage","@id":"https:\/\/www.aitanacongress.com\/2022\/p_sara-martins-leitao-2\/","url":"https:\/\/www.aitanacongress.com\/2022\/p_sara-martins-leitao-2\/","name":"p_Sara Martins Leit\u00e3o - aitanacongress.com","isPartOf":{"@id":"https:\/\/www.aitanacongress.com\/2022\/#website"},"datePublished":"2022-07-25T10:58:32+00:00","dateModified":"2022-07-25T16:17:19+00:00","breadcrumb":{"@id":"https:\/\/www.aitanacongress.com\/2022\/p_sara-martins-leitao-2\/#breadcrumb"},"inLanguage":"es","potentialAction":[{"@type":"ReadAction","target":["https:\/\/www.aitanacongress.com\/2022\/p_sara-martins-leitao-2\/"]}]},{"@type":"BreadcrumbList","@id":"https:\/\/www.aitanacongress.com\/2022\/p_sara-martins-leitao-2\/#breadcrumb","itemListElement":[{"@type":"ListItem","position":1,"name":"Portada","item":"https:\/\/www.aitanacongress.com\/2022\/"},{"@type":"ListItem","position":2,"name":"p_Sara Martins Leit\u00e3o"}]},{"@type":"WebSite","@id":"https:\/\/www.aitanacongress.com\/2022\/#website","url":"https:\/\/www.aitanacongress.com\/2022\/","name":"aitanacongress.com","description":"8th International Congress of Clinical and Health Psychology in Children and Adolescents","potentialAction":[{"@type":"SearchAction","target":{"@type":"EntryPoint","urlTemplate":"https:\/\/www.aitanacongress.com\/2022\/?s={search_term_string}"},"query-input":{"@type":"PropertyValueSpecification","valueRequired":true,"valueName":"search_term_string"}}],"inLanguage":"es"}]}},"_links":{"self":[{"href":"https:\/\/www.aitanacongress.com\/2022\/wp-json\/wp\/v2\/pages\/3079","targetHints":{"allow":["GET"]}}],"collection":[{"href":"https:\/\/www.aitanacongress.com\/2022\/wp-json\/wp\/v2\/pages"}],"about":[{"href":"https:\/\/www.aitanacongress.com\/2022\/wp-json\/wp\/v2\/types\/page"}],"author":[{"embeddable":true,"href":"https:\/\/www.aitanacongress.com\/2022\/wp-json\/wp\/v2\/users\/2"}],"replies":[{"embeddable":true,"href":"https:\/\/www.aitanacongress.com\/2022\/wp-json\/wp\/v2\/comments?post=3079"}],"version-history":[{"count":4,"href":"https:\/\/www.aitanacongress.com\/2022\/wp-json\/wp\/v2\/pages\/3079\/revisions"}],"predecessor-version":[{"id":3097,"href":"https:\/\/www.aitanacongress.com\/2022\/wp-json\/wp\/v2\/pages\/3079\/revisions\/3097"}],"wp:attachment":[{"href":"https:\/\/www.aitanacongress.com\/2022\/wp-json\/wp\/v2\/media?parent=3079"}],"curies":[{"name":"wp","href":"https:\/\/api.w.org\/{rel}","templated":true}]}}